{"id":43842,"date":"2026-08-27T19:08:35","date_gmt":"2026-08-27T11:08:35","guid":{"rendered":"https:\/\/www.ochm-macau.org\/?post_type=tribe_events&#038;p=43842"},"modified":"2026-08-28T11:11:32","modified_gmt":"2026-08-28T03:11:32","slug":"uma-noite-de-lua-cheia-nas-ruinas-de-s-paulo-2026-concerto-do-festival-do-meio-outono","status":"publish","type":"tribe_events","link":"https:\/\/www.ochm-macau.org\/pt-pt\/event\/uma-noite-de-lua-cheia-nas-ruinas-de-s-paulo-2026-concerto-do-festival-do-meio-outono\/","title":{"rendered":"&#8220;Uma noite de lua cheia nas Ru\u00ednas de S. Paulo 2026<br>&#8221; Concerto do Festival do Meio Outono"},"content":{"rendered":"<p>[vc_row][vc_column width=&#8221;2\/3&#8243;]<div class=\"cqcarousel-container \" data-slidestoshow=\"5\" data-thumbstoshow=\"7\" data-dots=\"yes\" data-arrows=\"yes\" data-isgallery=\"is-gallery\" data-largeimagearrows=\"yes\" data-autoplay=\"no\" data-autoplayspeed=\"4000\" data-containerwidth=\"\" data-containermaxwidth=\"\" data-imgnum=\"5\" data-bottomversion=\"\" data-dotbottom=\"\"><div class=\"carousel-gallery\"><div><div class=\"gallery-con\" style=\"background-image:url(https:\/\/www.ochm-macau.org\/wp-content\/uploads\/2026\/08\/005.jpg);\"><\/div><\/div><div><div class=\"gallery-con\" style=\"background-image:url(https:\/\/www.ochm-macau.org\/wp-content\/uploads\/2026\/08\/002.jpg);\"><\/div><\/div><div><div class=\"gallery-con\" style=\"background-image:url(https:\/\/www.ochm-macau.org\/wp-content\/uploads\/2026\/08\/007.jpg);\"><\/div><\/div><div><div class=\"gallery-con\" style=\"background-image:url(https:\/\/www.ochm-macau.org\/wp-content\/uploads\/2026\/08\/12.jpg);\"><\/div><\/div><div><div class=\"gallery-con\" style=\"background-image:url(https:\/\/www.ochm-macau.org\/wp-content\/uploads\/2026\/08\/\u71c8\u7c60\u76f8.jpg);\"><\/div><\/div><\/div><div class=\"carousel-thumb is-gallery\"><div title=\"\"><img decoding=\"async\" src=\"https:\/\/www.ochm-macau.org\/wp-content\/uploads\/2026\/08\/005-120x80.jpg\" \/><\/div><div title=\"\"><img decoding=\"async\" src=\"https:\/\/www.ochm-macau.org\/wp-content\/uploads\/2026\/08\/002-120x80.jpg\" \/><\/div><div title=\"\"><img decoding=\"async\" src=\"https:\/\/www.ochm-macau.org\/wp-content\/uploads\/2026\/08\/007-120x80.jpg\" \/><\/div><div title=\"\"><img decoding=\"async\" src=\"https:\/\/www.ochm-macau.org\/wp-content\/uploads\/2026\/08\/12-120x80.jpg\" \/><\/div><div title=\"\"><img decoding=\"async\" src=\"https:\/\/www.ochm-macau.org\/wp-content\/uploads\/2026\/08\/\u71c8\u7c60\u76f8-120x80.jpg\" \/><\/div><\/div><\/div>[vc_column_text]<span style=\"color: #faffbd;\">Data: 25.09.2026 Sexta-feira<\/span><br \/>\n<span style=\"color: #faffbd;\">Hora: Primeira Sess\u00e3o: 20:00 | Segunda Sess\u00e3o: 21:00<\/span><br \/>\n<span style=\"color: #faffbd;\">Local: Ru\u00ednas de S\u00e3o Paulo<\/span><\/p>\n<p>Maestro: Liao Yuan-Yu<\/p>\n<p style=\"text-align: justify;\">As Ru\u00ednas de S. Paulo acolhem o regresso da gala anual da Orquestra Chinesa de Macau \u00e0 luz do luar. Junto \u00e0s antigas ru\u00ednas, re\u00fane-se uma multid\u00e3o de ouvintes, atra\u00eddos pela lua e unidos pela m\u00fasica. Esta noite, a Orquestra navegar\u00e1 ao sabor de m\u00fasica melodiosa, propondo um programa de cl\u00e1ssicos festivos bem conhecidos e acarinhados, sob a luz prateada da lua. Por vezes, jubilante, por vezes, etereamente serena, a m\u00fasica ser\u00e1 o pincel com que se pintar\u00e1 o quadro mais inesquec\u00edvel, sob o olhar vigilante de S. Paulo.<\/p>\n<p>Cada espet\u00e1culo tem aproximadamente 30 minutos[\/vc_column_text][\/vc_column][vc_column width=&#8221;1\/3&#8243;][vc_column_text]<\/p>\n<h4>Entrada Gratuita<\/h4>\n<p>[\/vc_column_text][\/vc_column][\/vc_row]<\/p>\n","protected":false},"excerpt":{"rendered":"<p>A antiga Igreja de S. Paulo, renascida ao som de melodias festivas<\/p>\n","protected":false},"author":2,"featured_media":43819,"comment_status":"closed","ping_status":"closed","template":"","meta":{"_acf_changed":false,"footnotes":""},"tags":[],"tribe_events_cat":[411],"class_list":["post-43842","tribe_events","type-tribe_events","status-publish","has-post-thumbnail","hentry","tribe_events_cat-ciclo-celebracoes-festivas","cat_ciclo-celebracoes-festivas"],"acf":[],"_links":{"self":[{"href":"https:\/\/www.ochm-macau.org\/pt-pt\/wp-json\/wp\/v2\/tribe_events\/43842","targetHints":{"allow":["GET"]}}],"collection":[{"href":"https:\/\/www.ochm-macau.org\/pt-pt\/wp-json\/wp\/v2\/tribe_events"}],"about":[{"href":"https:\/\/www.ochm-macau.org\/pt-pt\/wp-json\/wp\/v2\/types\/tribe_events"}],"author":[{"embeddable":true,"href":"https:\/\/www.ochm-macau.org\/pt-pt\/wp-json\/wp\/v2\/users\/2"}],"replies":[{"embeddable":true,"href":"https:\/\/www.ochm-macau.org\/pt-pt\/wp-json\/wp\/v2\/comments?post=43842"}],"version-history":[{"count":3,"href":"https:\/\/www.ochm-macau.org\/pt-pt\/wp-json\/wp\/v2\/tribe_events\/43842\/revisions"}],"predecessor-version":[{"id":44233,"href":"https:\/\/www.ochm-macau.org\/pt-pt\/wp-json\/wp\/v2\/tribe_events\/43842\/revisions\/44233"}],"wp:featuredmedia":[{"embeddable":true,"href":"https:\/\/www.ochm-macau.org\/pt-pt\/wp-json\/wp\/v2\/media\/43819"}],"wp:attachment":[{"href":"https:\/\/www.ochm-macau.org\/pt-pt\/wp-json\/wp\/v2\/media?parent=43842"}],"wp:term":[{"taxonomy":"post_tag","embeddable":true,"href":"https:\/\/www.ochm-macau.org\/pt-pt\/wp-json\/wp\/v2\/tags?post=43842"},{"taxonomy":"tribe_events_cat","embeddable":true,"href":"https:\/\/www.ochm-macau.org\/pt-pt\/wp-json\/wp\/v2\/tribe_events_cat?post=43842"}],"curies":[{"name":"wp","href":"https:\/\/api.w.org\/{rel}","templated":true}]}}

&#8220;Uma noite de lua cheia nas Ruínas de S. Paulo 2026<br>&#8221; Concerto do Festival do Meio Outono

<p>[vc_row][vc_column width=&#8221;2/3&#8243;]<div class="cqcarousel-container " data-slidestoshow="5" data-thumbstoshow="7" data-dots="yes" data-arrows="yes" data-isgallery="is-gallery" data-largeimagearrows="yes" data-autoplay="no" data-autoplayspeed="4000" data-containerwidth="" data-containermaxwidth="" data-imgnum="5" data-bottomversion="" data-dotbottom=""><div class="carousel-gallery"><div><div class="gallery-con" style="background-image:url(https://www.ochm-macau.org/wp-content/uploads/2026/08/005.jpg);"></div></div><div><div class="gallery-con" style="background-image:url(https://www.ochm-macau.org/wp-content/uploads/2026/08/002.jpg);"></div></div><div><div class="gallery-con" style="background-image:url(https://www.ochm-macau.org/wp-content/uploads/2026/08/007.jpg);"></div></div><div><div class="gallery-con" style="background-image:url(https://www.ochm-macau.org/wp-content/uploads/2026/08/12.jpg);"></div></div><div><div class="gallery-con" style="background-image:url(https://www.ochm-macau.org/wp-content/uploads/2026/08/燈籠相.jpg);"></div></div></div><div class="carousel-thumb is-gallery"><div title=""><img decoding="async" src="https://www.ochm-macau.org/wp-content/uploads/2026/08/005-120x80.jpg" /></div><div title=""><img decoding="async" src="https://www.ochm-macau.org/wp-content/uploads/2026/08/002-120x80.jpg" /></div><div title=""><img decoding="async" src="https://www.ochm-macau.org/wp-content/uploads/2026/08/007-120x80.jpg" /></div><div title=""><img decoding="async" src="https://www.ochm-macau.org/wp-content/uploads/2026/08/12-120x80.jpg" /></div><div title=""><img decoding="async" src="https://www.ochm-macau.org/wp-content/uploads/2026/08/燈籠相-120x80.jpg" /></div></div></div>[vc_column_text]<span style="color: #faffbd;">Data: 25.09.2026 Sexta-feira</span><br />
<span style="color: #faffbd;">Hora: Primeira Sessão: 20:00 | Segunda Sessão: 21:00</span><br />
<span style="color: #faffbd;">Local: Ruínas de São Paulo</span></p>
<p>Maestro: Liao Yuan-Yu</p>
<p style="text-align: justify;">As Ruínas de S. Paulo acolhem o regresso da gala anual da Orquestra Chinesa de Macau à luz do luar. Junto às antigas ruínas, reúne-se uma multidão de ouvintes, atraídos pela lua e unidos pela música. Esta noite, a Orquestra navegará ao sabor de música melodiosa, propondo um programa de clássicos festivos bem conhecidos e acarinhados, sob a luz prateada da lua. Por vezes, jubilante, por vezes, etereamente serena, a música será o pincel com que se pintará o quadro mais inesquecível, sob o olhar vigilante de S. Paulo.</p>
<p>Cada espetáculo tem aproximadamente 30 minutos[/vc_column_text][/vc_column][vc_column width=&#8221;1/3&#8243;][vc_column_text]</p>
<h4>Entrada Gratuita</h4>
<p>[/vc_column_text][/vc_column][/vc_row]</p>
