{"id":43875,"date":"2026-08-28T11:11:26","date_gmt":"2026-08-28T03:11:26","guid":{"rendered":"https:\/\/www.ochm-macau.org\/?post_type=tribe_events&#038;p=43875"},"modified":"2026-08-28T11:11:26","modified_gmt":"2026-08-28T03:11:26","slug":"ritmos-cantoneses-melodias-han-concerto-de-musica-do-patrimonio-cultural-intangivel-de-lingnan","status":"publish","type":"tribe_events","link":"https:\/\/www.ochm-macau.org\/pt-pt\/event\/ritmos-cantoneses-melodias-han-concerto-de-musica-do-patrimonio-cultural-intangivel-de-lingnan\/","title":{"rendered":"\u201cRitmos Cantoneses, Melodias Han\u201d <br>Concerto de M\u00fasica do Patrim\u00f3nio Cultural Intang\u00edvel de Lingnan"},"content":{"rendered":"<p>[vc_row][vc_column width=&#8221;2\/3&#8243;]<div class=\"cqcarousel-container \" data-slidestoshow=\"5\" data-thumbstoshow=\"7\" data-dots=\"yes\" data-arrows=\"yes\" data-isgallery=\"is-gallery\" data-largeimagearrows=\"yes\" data-autoplay=\"no\" data-autoplayspeed=\"4000\" data-containerwidth=\"\" data-containermaxwidth=\"\" data-imgnum=\"5\" data-bottomversion=\"\" data-dotbottom=\"\"><div class=\"carousel-gallery\"><div><div class=\"gallery-con\" style=\"background-image:url(https:\/\/www.ochm-macau.org\/wp-content\/uploads\/2026\/08\/251128-138.jpg);\"><\/div><\/div><div><div class=\"gallery-con\" style=\"background-image:url(https:\/\/www.ochm-macau.org\/wp-content\/uploads\/2026\/08\/\u5433\u8fea1.jpg);\"><\/div><\/div><div><div class=\"gallery-con\" style=\"background-image:url(https:\/\/www.ochm-macau.org\/wp-content\/uploads\/2026\/08\/\u9648\u4f50\u8f89.jpg);\"><\/div><\/div><div><div class=\"gallery-con\" style=\"background-image:url(https:\/\/www.ochm-macau.org\/wp-content\/uploads\/2026\/08\/\u5dba\u5357\u97f3\u6a02\u59d4\u54e1\u67031.png);\"><\/div><\/div><div><div class=\"gallery-con\" style=\"background-image:url(https:\/\/www.ochm-macau.org\/wp-content\/uploads\/2026\/08\/\u5ee3\u6771\u7701\u6c11\u65cf\u7ba1\u5f26-logo-2.jpg);\"><\/div><\/div><\/div><div class=\"carousel-thumb is-gallery\"><div title=\"\"><img decoding=\"async\" src=\"https:\/\/www.ochm-macau.org\/wp-content\/uploads\/2026\/08\/251128-138-120x80.jpg\" \/><\/div><div title=\"\"><img decoding=\"async\" src=\"https:\/\/www.ochm-macau.org\/wp-content\/uploads\/2026\/08\/\u5433\u8fea1-120x80.jpg\" \/><\/div><div title=\"\"><img decoding=\"async\" src=\"https:\/\/www.ochm-macau.org\/wp-content\/uploads\/2026\/08\/\u9648\u4f50\u8f89-120x80.jpg\" \/><\/div><div title=\"\"><img decoding=\"async\" src=\"https:\/\/www.ochm-macau.org\/wp-content\/uploads\/2026\/08\/\u5dba\u5357\u97f3\u6a02\u59d4\u54e1\u67031-120x80.png\" \/><\/div><div title=\"\"><img decoding=\"async\" src=\"https:\/\/www.ochm-macau.org\/wp-content\/uploads\/2026\/08\/\u5ee3\u6771\u7701\u6c11\u65cf\u7ba1\u5f26-logo-2-120x80.jpg\" \/><\/div><\/div><\/div>[vc_column_text]<span style=\"color: #faffbd;\">Data: 07.11.2026 S\u00e1bado<\/span><br \/>\n<span style=\"color: #faffbd;\">Hora: 20:00<\/span><br \/>\n<span style=\"color: #faffbd;\">Local: Teatro do Centro de Conven\u00e7\u00f5es e Entretenimento da Torre de Macau<\/span><\/p>\n<p>Colabora\u00e7\u00e3o especial : Associa\u00e7\u00e3o de M\u00fasica Chinesa da Prov\u00edncia de Guangdong &#8211; Comit\u00e9 Profissional para a Promo\u00e7\u00e3o da M\u00fasica de Lingnan<\/p>\n<p>Presidente da Associa\u00e7\u00e3o de M\u00fasica Chinesa da Prov\u00edncia de Guangdong: Chen Zuohui<\/p>\n<p>Director do Comit\u00e9 Profissional para a Difus\u00e3o da M\u00fasica de Lingnan: Wu Di<\/p>\n<p>Seda e bambu, o antigo que sempre rejuvenesce \u2014 a alma de Lingnan em cada nota<\/p>\n<p style=\"text-align: justify;\">A seda e o bambu entretecem o seu encanto intemporal \u2013 o patrim\u00f3nio cultural intang\u00edvel de Lingnan perdura em cada nota. A Orquestra Chinesa de Macau, em colabora\u00e7\u00e3o com a Associa\u00e7\u00e3o de M\u00fasica Chinesa da Prov\u00edncia de Guangdong &#8211; Comit\u00e9 Profissional para a Promo\u00e7\u00e3o da M\u00fasica de Lingnan, apresenta uma mostra cl\u00e1ssica das tr\u00eas grandes tradi\u00e7\u00f5es musicais de Lingnan: a m\u00fasica cantonense, a m\u00fasica de Chaozhou e a m\u00fasica Han do povo Hakka. Cada uma resplandece \u00e0 sua maneira: a m\u00fasica cantonense, com a sua eleg\u00e2ncia fluida; a m\u00fasica de Chaozhou, com a sua eleg\u00e2ncia ancestral; e a m\u00fasica Han do povo Hakka, com a sua majestosa profundidade. Separadamente, encantam; juntas, transcendem.<\/p>\n<p>Aproximadamente 1 hora e 30 minutos, incluindo um intervalo[\/vc_column_text][\/vc_column][vc_column width=&#8221;1\/3&#8243;][vc_column_text]<\/p>\n<h4>INFORMA\u00c7\u00d5ES SER\u00c3O ANUNCIADAS MAIS TARDE<\/h4>\n<p>[\/vc_column_text][\/vc_column][\/vc_row]<\/p>\n","protected":false},"excerpt":{"rendered":"<p>Seda e bambu, o antigo que sempre rejuvenesce \u2014 a alma de Lingnan em cada nota<\/p>\n","protected":false},"author":2,"featured_media":43851,"comment_status":"closed","ping_status":"closed","template":"","meta":{"_acf_changed":false,"footnotes":""},"tags":[],"tribe_events_cat":[423],"class_list":["post-43875","tribe_events","type-tribe_events","status-publish","has-post-thumbnail","hentry","tribe_events_cat-ciclo-destaques-recomendados","cat_ciclo-destaques-recomendados"],"acf":[],"_links":{"self":[{"href":"https:\/\/www.ochm-macau.org\/pt-pt\/wp-json\/wp\/v2\/tribe_events\/43875","targetHints":{"allow":["GET"]}}],"collection":[{"href":"https:\/\/www.ochm-macau.org\/pt-pt\/wp-json\/wp\/v2\/tribe_events"}],"about":[{"href":"https:\/\/www.ochm-macau.org\/pt-pt\/wp-json\/wp\/v2\/types\/tribe_events"}],"author":[{"embeddable":true,"href":"https:\/\/www.ochm-macau.org\/pt-pt\/wp-json\/wp\/v2\/users\/2"}],"replies":[{"embeddable":true,"href":"https:\/\/www.ochm-macau.org\/pt-pt\/wp-json\/wp\/v2\/comments?post=43875"}],"version-history":[{"count":3,"href":"https:\/\/www.ochm-macau.org\/pt-pt\/wp-json\/wp\/v2\/tribe_events\/43875\/revisions"}],"predecessor-version":[{"id":44301,"href":"https:\/\/www.ochm-macau.org\/pt-pt\/wp-json\/wp\/v2\/tribe_events\/43875\/revisions\/44301"}],"wp:featuredmedia":[{"embeddable":true,"href":"https:\/\/www.ochm-macau.org\/pt-pt\/wp-json\/wp\/v2\/media\/43851"}],"wp:attachment":[{"href":"https:\/\/www.ochm-macau.org\/pt-pt\/wp-json\/wp\/v2\/media?parent=43875"}],"wp:term":[{"taxonomy":"post_tag","embeddable":true,"href":"https:\/\/www.ochm-macau.org\/pt-pt\/wp-json\/wp\/v2\/tags?post=43875"},{"taxonomy":"tribe_events_cat","embeddable":true,"href":"https:\/\/www.ochm-macau.org\/pt-pt\/wp-json\/wp\/v2\/tribe_events_cat?post=43875"}],"curies":[{"name":"wp","href":"https:\/\/api.w.org\/{rel}","templated":true}]}}

“Ritmos Cantoneses, Melodias Han” <br>Concerto de Música do Património Cultural Intangível de Lingnan

<p>[vc_row][vc_column width=&#8221;2/3&#8243;]<div class="cqcarousel-container " data-slidestoshow="5" data-thumbstoshow="7" data-dots="yes" data-arrows="yes" data-isgallery="is-gallery" data-largeimagearrows="yes" data-autoplay="no" data-autoplayspeed="4000" data-containerwidth="" data-containermaxwidth="" data-imgnum="5" data-bottomversion="" data-dotbottom=""><div class="carousel-gallery"><div><div class="gallery-con" style="background-image:url(https://www.ochm-macau.org/wp-content/uploads/2026/08/251128-138.jpg);"></div></div><div><div class="gallery-con" style="background-image:url(https://www.ochm-macau.org/wp-content/uploads/2026/08/吳迪1.jpg);"></div></div><div><div class="gallery-con" style="background-image:url(https://www.ochm-macau.org/wp-content/uploads/2026/08/陈佐辉.jpg);"></div></div><div><div class="gallery-con" style="background-image:url(https://www.ochm-macau.org/wp-content/uploads/2026/08/嶺南音樂委員會1.png);"></div></div><div><div class="gallery-con" style="background-image:url(https://www.ochm-macau.org/wp-content/uploads/2026/08/廣東省民族管弦-logo-2.jpg);"></div></div></div><div class="carousel-thumb is-gallery"><div title=""><img decoding="async" src="https://www.ochm-macau.org/wp-content/uploads/2026/08/251128-138-120x80.jpg" /></div><div title=""><img decoding="async" src="https://www.ochm-macau.org/wp-content/uploads/2026/08/吳迪1-120x80.jpg" /></div><div title=""><img decoding="async" src="https://www.ochm-macau.org/wp-content/uploads/2026/08/陈佐辉-120x80.jpg" /></div><div title=""><img decoding="async" src="https://www.ochm-macau.org/wp-content/uploads/2026/08/嶺南音樂委員會1-120x80.png" /></div><div title=""><img decoding="async" src="https://www.ochm-macau.org/wp-content/uploads/2026/08/廣東省民族管弦-logo-2-120x80.jpg" /></div></div></div>[vc_column_text]<span style="color: #faffbd;">Data: 07.11.2026 Sábado</span><br />
<span style="color: #faffbd;">Hora: 20:00</span><br />
<span style="color: #faffbd;">Local: Teatro do Centro de Convenções e Entretenimento da Torre de Macau</span></p>
<p>Colaboração especial : Associação de Música Chinesa da Província de Guangdong &#8211; Comité Profissional para a Promoção da Música de Lingnan</p>
<p>Presidente da Associação de Música Chinesa da Província de Guangdong: Chen Zuohui</p>
<p>Director do Comité Profissional para a Difusão da Música de Lingnan: Wu Di</p>
<p>Seda e bambu, o antigo que sempre rejuvenesce — a alma de Lingnan em cada nota</p>
<p style="text-align: justify;">A seda e o bambu entretecem o seu encanto intemporal – o património cultural intangível de Lingnan perdura em cada nota. A Orquestra Chinesa de Macau, em colaboração com a Associação de Música Chinesa da Província de Guangdong &#8211; Comité Profissional para a Promoção da Música de Lingnan, apresenta uma mostra clássica das três grandes tradições musicais de Lingnan: a música cantonense, a música de Chaozhou e a música Han do povo Hakka. Cada uma resplandece à sua maneira: a música cantonense, com a sua elegância fluida; a música de Chaozhou, com a sua elegância ancestral; e a música Han do povo Hakka, com a sua majestosa profundidade. Separadamente, encantam; juntas, transcendem.</p>
<p>Aproximadamente 1 hora e 30 minutos, incluindo um intervalo[/vc_column_text][/vc_column][vc_column width=&#8221;1/3&#8243;][vc_column_text]</p>
<h4>INFORMAÇÕES SERÃO ANUNCIADAS MAIS TARDE</h4>
<p>[/vc_column_text][/vc_column][/vc_row]</p>
