{"id":44164,"date":"2026-08-27T18:45:09","date_gmt":"2026-08-27T10:45:09","guid":{"rendered":"https:\/\/www.ochm-macau.org\/?post_type=tribe_events&#038;p=44164"},"modified":"2026-08-28T11:10:42","modified_gmt":"2026-08-28T03:10:42","slug":"concerto-de-encerramento-da-temporada-2026-27-da-orquestra-chinesa-de-macau-a-lenda-da-musica-marcial","status":"publish","type":"tribe_events","link":"https:\/\/www.ochm-macau.org\/pt-pt\/event\/concerto-de-encerramento-da-temporada-2026-27-da-orquestra-chinesa-de-macau-a-lenda-da-musica-marcial\/","title":{"rendered":"Concerto de Encerramento da Temporada 2026-27 da Orquestra Chinesa de Macau &#8220;A Lenda da M\u00fasica Marcial&#8221;"},"content":{"rendered":"<p>[vc_row][vc_column width=&#8221;2\/3&#8243;]<div class=\"cqcarousel-container \" data-slidestoshow=\"5\" data-thumbstoshow=\"7\" data-dots=\"yes\" data-arrows=\"yes\" data-isgallery=\"is-gallery\" data-largeimagearrows=\"yes\" data-autoplay=\"no\" data-autoplayspeed=\"4000\" data-containerwidth=\"\" data-containermaxwidth=\"\" data-imgnum=\"4\" data-bottomversion=\"\" data-dotbottom=\"\"><div class=\"carousel-gallery\"><div><div class=\"gallery-con\" style=\"background-image:url(https:\/\/www.ochm-macau.org\/wp-content\/uploads\/2026\/08\/02-\u5f35\u52172025.jpg);\"><\/div><\/div><div><div class=\"gallery-con\" style=\"background-image:url(https:\/\/www.ochm-macau.org\/wp-content\/uploads\/2026\/08\/d33c0abefbbfa494219c44b6bf7f47e.jpg);\"><\/div><\/div><div><div class=\"gallery-con\" style=\"background-image:url(https:\/\/www.ochm-macau.org\/wp-content\/uploads\/2026\/08\/33c90bfd508d81fddd5b1b702d23167.jpg);\"><\/div><\/div><div><div class=\"gallery-con\" style=\"background-image:url(https:\/\/www.ochm-macau.org\/wp-content\/uploads\/2026\/08\/6f34433c7394847ab22045f2746651a.jpg);\"><\/div><\/div><\/div><div class=\"carousel-thumb is-gallery\"><div title=\"\"><img decoding=\"async\" src=\"https:\/\/www.ochm-macau.org\/wp-content\/uploads\/2026\/08\/02-\u5f35\u52172025-120x80.jpg\" \/><\/div><div title=\"\"><img decoding=\"async\" src=\"https:\/\/www.ochm-macau.org\/wp-content\/uploads\/2026\/08\/d33c0abefbbfa494219c44b6bf7f47e-120x80.jpg\" \/><\/div><div title=\"\"><img decoding=\"async\" src=\"https:\/\/www.ochm-macau.org\/wp-content\/uploads\/2026\/08\/33c90bfd508d81fddd5b1b702d23167-120x80.jpg\" \/><\/div><div title=\"\"><img decoding=\"async\" src=\"https:\/\/www.ochm-macau.org\/wp-content\/uploads\/2026\/08\/6f34433c7394847ab22045f2746651a-120x80.jpg\" \/><\/div><\/div><\/div>[vc_column_text]<span style=\"color: #faffbd;\">Data: 24.07.2027 S\u00e1bado<\/span><br \/>\n<span style=\"color: #faffbd;\">Hora: 20:00<\/span><br \/>\n<span style=\"color: #faffbd;\">Local: Centro Cultural de Macau Grande Audit\u00f3rio<\/span><\/p>\n<p>Maestro: Zhang Lie<br \/>\nAssocia\u00e7\u00e3o convidada: Associa\u00e7\u00e3o Geral de Wushu de Macau<\/p>\n<p>O som do choque das espadas transformado em melodia; o mundo marcial traduzido em m\u00fasica de seda e bambu<\/p>\n<p style=\"text-align: justify;\">A m\u00fasica marcial \u00e9 a m\u00fasica orquestral chinesa reinventada para a era moderna, preservando a est\u00e9tica intemporal do \u201cvazio\u201d e da \u201csugest\u00e3o\u201d. As cenas de ternura desenrolam-se com uma graciosidade requintada; as cenas de batalha irrompem com uma intensidade vertiginosa. Com base na escala pentat\u00f3nica, a m\u00fasica marcial faz emergir a energia ardente do guzheng, a liberdade solit\u00e1ria do xiao e o romantismo delicado do erhu, entretecendo estes instrumentos com as lendas \u00e9picas do mundo marcial. O Director Art\u00edstico Zhang Lie dirige a Orquestra e a Associa\u00e7\u00e3o Geral de Wushu de Macau num grandioso espect\u00e1culo no Centro Cultural de Macau.<\/p>\n<p>Aproximadamente 1 hora e 30 minutos, incluindo um intervalo[\/vc_column_text][\/vc_column][vc_column width=&#8221;1\/3&#8243;][vc_column_text]<\/p>\n<h4>INFORMA\u00c7\u00d5ES SER\u00c3O ANUNCIADAS MAIS TARDE<\/h4>\n<p>[\/vc_column_text][\/vc_column][\/vc_row]<\/p>\n","protected":false},"excerpt":{"rendered":"<p>O som do choque das espadas transformado em melodia; o mundo marcial traduzido em m\u00fasica de seda e bambu<\/p>\n","protected":false},"author":2,"featured_media":44146,"comment_status":"closed","ping_status":"closed","template":"","meta":{"_acf_changed":false,"footnotes":""},"tags":[],"tribe_events_cat":[458],"class_list":["post-44164","tribe_events","type-tribe_events","status-publish","has-post-thumbnail","hentry","tribe_events_cat-classicos-intemporais","cat_classicos-intemporais"],"acf":[],"_links":{"self":[{"href":"https:\/\/www.ochm-macau.org\/pt-pt\/wp-json\/wp\/v2\/tribe_events\/44164","targetHints":{"allow":["GET"]}}],"collection":[{"href":"https:\/\/www.ochm-macau.org\/pt-pt\/wp-json\/wp\/v2\/tribe_events"}],"about":[{"href":"https:\/\/www.ochm-macau.org\/pt-pt\/wp-json\/wp\/v2\/types\/tribe_events"}],"author":[{"embeddable":true,"href":"https:\/\/www.ochm-macau.org\/pt-pt\/wp-json\/wp\/v2\/users\/2"}],"replies":[{"embeddable":true,"href":"https:\/\/www.ochm-macau.org\/pt-pt\/wp-json\/wp\/v2\/comments?post=44164"}],"version-history":[{"count":5,"href":"https:\/\/www.ochm-macau.org\/pt-pt\/wp-json\/wp\/v2\/tribe_events\/44164\/revisions"}],"predecessor-version":[{"id":44288,"href":"https:\/\/www.ochm-macau.org\/pt-pt\/wp-json\/wp\/v2\/tribe_events\/44164\/revisions\/44288"}],"wp:featuredmedia":[{"embeddable":true,"href":"https:\/\/www.ochm-macau.org\/pt-pt\/wp-json\/wp\/v2\/media\/44146"}],"wp:attachment":[{"href":"https:\/\/www.ochm-macau.org\/pt-pt\/wp-json\/wp\/v2\/media?parent=44164"}],"wp:term":[{"taxonomy":"post_tag","embeddable":true,"href":"https:\/\/www.ochm-macau.org\/pt-pt\/wp-json\/wp\/v2\/tags?post=44164"},{"taxonomy":"tribe_events_cat","embeddable":true,"href":"https:\/\/www.ochm-macau.org\/pt-pt\/wp-json\/wp\/v2\/tribe_events_cat?post=44164"}],"curies":[{"name":"wp","href":"https:\/\/api.w.org\/{rel}","templated":true}]}}

Concerto de Encerramento da Temporada 2026-27 da Orquestra Chinesa de Macau &#8220;A Lenda da Música Marcial&#8221;

<p>[vc_row][vc_column width=&#8221;2/3&#8243;]<div class="cqcarousel-container " data-slidestoshow="5" data-thumbstoshow="7" data-dots="yes" data-arrows="yes" data-isgallery="is-gallery" data-largeimagearrows="yes" data-autoplay="no" data-autoplayspeed="4000" data-containerwidth="" data-containermaxwidth="" data-imgnum="4" data-bottomversion="" data-dotbottom=""><div class="carousel-gallery"><div><div class="gallery-con" style="background-image:url(https://www.ochm-macau.org/wp-content/uploads/2026/08/02-張列2025.jpg);"></div></div><div><div class="gallery-con" style="background-image:url(https://www.ochm-macau.org/wp-content/uploads/2026/08/d33c0abefbbfa494219c44b6bf7f47e.jpg);"></div></div><div><div class="gallery-con" style="background-image:url(https://www.ochm-macau.org/wp-content/uploads/2026/08/33c90bfd508d81fddd5b1b702d23167.jpg);"></div></div><div><div class="gallery-con" style="background-image:url(https://www.ochm-macau.org/wp-content/uploads/2026/08/6f34433c7394847ab22045f2746651a.jpg);"></div></div></div><div class="carousel-thumb is-gallery"><div title=""><img decoding="async" src="https://www.ochm-macau.org/wp-content/uploads/2026/08/02-張列2025-120x80.jpg" /></div><div title=""><img decoding="async" src="https://www.ochm-macau.org/wp-content/uploads/2026/08/d33c0abefbbfa494219c44b6bf7f47e-120x80.jpg" /></div><div title=""><img decoding="async" src="https://www.ochm-macau.org/wp-content/uploads/2026/08/33c90bfd508d81fddd5b1b702d23167-120x80.jpg" /></div><div title=""><img decoding="async" src="https://www.ochm-macau.org/wp-content/uploads/2026/08/6f34433c7394847ab22045f2746651a-120x80.jpg" /></div></div></div>[vc_column_text]<span style="color: #faffbd;">Data: 24.07.2027 Sábado</span><br />
<span style="color: #faffbd;">Hora: 20:00</span><br />
<span style="color: #faffbd;">Local: Centro Cultural de Macau Grande Auditório</span></p>
<p>Maestro: Zhang Lie<br />
Associação convidada: Associação Geral de Wushu de Macau</p>
<p>O som do choque das espadas transformado em melodia; o mundo marcial traduzido em música de seda e bambu</p>
<p style="text-align: justify;">A música marcial é a música orquestral chinesa reinventada para a era moderna, preservando a estética intemporal do “vazio” e da “sugestão”. As cenas de ternura desenrolam-se com uma graciosidade requintada; as cenas de batalha irrompem com uma intensidade vertiginosa. Com base na escala pentatónica, a música marcial faz emergir a energia ardente do guzheng, a liberdade solitária do xiao e o romantismo delicado do erhu, entretecendo estes instrumentos com as lendas épicas do mundo marcial. O Director Artístico Zhang Lie dirige a Orquestra e a Associação Geral de Wushu de Macau num grandioso espectáculo no Centro Cultural de Macau.</p>
<p>Aproximadamente 1 hora e 30 minutos, incluindo um intervalo[/vc_column_text][/vc_column][vc_column width=&#8221;1/3&#8243;][vc_column_text]</p>
<h4>INFORMAÇÕES SERÃO ANUNCIADAS MAIS TARDE</h4>
<p>[/vc_column_text][/vc_column][/vc_row]</p>

<p>O som do choque das espadas transformado em melodia; o mundo marcial traduzido em música de seda e bambu</p>
